{"id":93966,"date":"2021-09-22T09:40:57","date_gmt":"2021-09-22T16:40:57","guid":{"rendered":"https:\/\/we-bc.ca\/a-propos-de-nous-nouveau\/ecosysteme\/"},"modified":"2026-03-22T22:08:13","modified_gmt":"2026-03-23T05:08:13","slug":"ecosysteme","status":"publish","type":"page","link":"https:\/\/resources.we-bc.ca\/fr\/a-propos-de-nous-nouveau\/ecosysteme\/","title":{"rendered":"\u00c9cosyst\u00e8me"},"content":{"rendered":"","protected":false},"excerpt":{"rendered":"","protected":false},"author":1,"featured_media":0,"parent":93950,"menu_order":0,"comment_status":"closed","ping_status":"closed","template":"templates\/ecosystems.php","meta":{"_acf_changed":false,"footnotes":""},"class_list":["post-93966","page","type-page","status-publish","hentry"],"acf":[],"yoast_head":"<!-- This site is optimized with the Yoast SEO plugin v27.4 - https:\/\/yoast.com\/product\/yoast-seo-wordpress\/ -->\n<title>L&#039;\u00e9cosyst\u00e8me des femmes entrepreneurs - WeBC<\/title>\n<meta name=\"description\" content=\"L&#039;entrepreneuriat f\u00e9minin s&#039;inscrit dans le cadre d&#039;un d\u00e9bat plus large sur l&#039;\u00e9galit\u00e9 des sexes et la diversit\u00e9, qui offre des possibilit\u00e9s de collaboration sans pr\u00e9c\u00e9dent.\" \/>\n<meta name=\"robots\" content=\"index, follow, max-snippet:-1, max-image-preview:large, max-video-preview:-1\" \/>\n<link rel=\"canonical\" href=\"https:\/\/we-bc.ca\/?page_id=93966&lang=fr\" \/>\n<meta property=\"og:locale\" content=\"fr_FR\" \/>\n<meta property=\"og:type\" content=\"article\" \/>\n<meta property=\"og:title\" content=\"L&#039;\u00e9cosyst\u00e8me des femmes entrepreneurs - WeBC\" \/>\n<meta property=\"og:description\" content=\"L&#039;entrepreneuriat f\u00e9minin s&#039;inscrit dans le cadre d&#039;un d\u00e9bat plus large sur l&#039;\u00e9galit\u00e9 des sexes et la diversit\u00e9, qui offre des possibilit\u00e9s de collaboration sans pr\u00e9c\u00e9dent.\" \/>\n<meta property=\"og:url\" content=\"https:\/\/we-bc.ca\/?page_id=93966&amp;lang=fr\" \/>\n<meta property=\"og:site_name\" content=\"WeBC\" \/>\n<meta property=\"article:modified_time\" content=\"2026-03-23T05:08:13+00:00\" \/>\n<meta name=\"twitter:card\" content=\"summary_large_image\" \/>\n<script type=\"application\/ld+json\" class=\"yoast-schema-graph\">{\"@context\":\"https:\\\/\\\/schema.org\",\"@graph\":[{\"@type\":\"WebPage\",\"@id\":\"https:\\\/\\\/we-bc.ca\\\/?page_id=93966&lang=fr\",\"url\":\"https:\\\/\\\/we-bc.ca\\\/?page_id=93966&lang=fr\",\"name\":\"L'\u00e9cosyst\u00e8me des femmes entrepreneurs - WeBC\",\"isPartOf\":{\"@id\":\"https:\\\/\\\/we-bc.ca\\\/#website\"},\"datePublished\":\"2021-09-22T16:40:57+00:00\",\"dateModified\":\"2026-03-23T05:08:13+00:00\",\"description\":\"L'entrepreneuriat f\u00e9minin s'inscrit dans le cadre d'un d\u00e9bat plus large sur l'\u00e9galit\u00e9 des sexes et la diversit\u00e9, qui offre des possibilit\u00e9s de collaboration sans pr\u00e9c\u00e9dent.\",\"breadcrumb\":{\"@id\":\"https:\\\/\\\/we-bc.ca\\\/?page_id=93966&lang=fr#breadcrumb\"},\"inLanguage\":\"fr-FR\",\"potentialAction\":[{\"@type\":\"ReadAction\",\"target\":[\"https:\\\/\\\/we-bc.ca\\\/?page_id=93966&lang=fr\"]}]},{\"@type\":\"BreadcrumbList\",\"@id\":\"https:\\\/\\\/we-bc.ca\\\/?page_id=93966&lang=fr#breadcrumb\",\"itemListElement\":[{\"@type\":\"ListItem\",\"position\":1,\"name\":\"Home\",\"item\":\"https:\\\/\\\/we-bc.ca\\\/\"},{\"@type\":\"ListItem\",\"position\":2,\"name\":\"\u00c0 propos de nous &#8211; Nouveau\",\"item\":\"https:\\\/\\\/we-bc.ca\\\/?page_id=93950&lang=fr\"},{\"@type\":\"ListItem\",\"position\":3,\"name\":\"\u00c9cosyst\u00e8me\"}]},{\"@type\":\"WebSite\",\"@id\":\"https:\\\/\\\/we-bc.ca\\\/#website\",\"url\":\"https:\\\/\\\/we-bc.ca\\\/\",\"name\":\"WeBC\",\"description\":\"Supporting Women Entrepreneurs in BC\",\"potentialAction\":[{\"@type\":\"SearchAction\",\"target\":{\"@type\":\"EntryPoint\",\"urlTemplate\":\"https:\\\/\\\/we-bc.ca\\\/?s={search_term_string}\"},\"query-input\":{\"@type\":\"PropertyValueSpecification\",\"valueRequired\":true,\"valueName\":\"search_term_string\"}}],\"inLanguage\":\"fr-FR\"}]}<\/script>\n<!-- \/ Yoast SEO plugin. -->","yoast_head_json":{"title":"L'\u00e9cosyst\u00e8me des femmes entrepreneurs - WeBC","description":"L'entrepreneuriat f\u00e9minin s'inscrit dans le cadre d'un d\u00e9bat plus large sur l'\u00e9galit\u00e9 des sexes et la diversit\u00e9, qui offre des possibilit\u00e9s de collaboration sans pr\u00e9c\u00e9dent.","robots":{"index":"index","follow":"follow","max-snippet":"max-snippet:-1","max-image-preview":"max-image-preview:large","max-video-preview":"max-video-preview:-1"},"canonical":"https:\/\/we-bc.ca\/?page_id=93966&lang=fr","og_locale":"fr_FR","og_type":"article","og_title":"L'\u00e9cosyst\u00e8me des femmes entrepreneurs - WeBC","og_description":"L'entrepreneuriat f\u00e9minin s'inscrit dans le cadre d'un d\u00e9bat plus large sur l'\u00e9galit\u00e9 des sexes et la diversit\u00e9, qui offre des possibilit\u00e9s de collaboration sans pr\u00e9c\u00e9dent.","og_url":"https:\/\/we-bc.ca\/?page_id=93966&lang=fr","og_site_name":"WeBC","article_modified_time":"2026-03-23T05:08:13+00:00","twitter_card":"summary_large_image","schema":{"@context":"https:\/\/schema.org","@graph":[{"@type":"WebPage","@id":"https:\/\/we-bc.ca\/?page_id=93966&lang=fr","url":"https:\/\/we-bc.ca\/?page_id=93966&lang=fr","name":"L'\u00e9cosyst\u00e8me des femmes entrepreneurs - WeBC","isPartOf":{"@id":"https:\/\/we-bc.ca\/#website"},"datePublished":"2021-09-22T16:40:57+00:00","dateModified":"2026-03-23T05:08:13+00:00","description":"L'entrepreneuriat f\u00e9minin s'inscrit dans le cadre d'un d\u00e9bat plus large sur l'\u00e9galit\u00e9 des sexes et la diversit\u00e9, qui offre des possibilit\u00e9s de collaboration sans pr\u00e9c\u00e9dent.","breadcrumb":{"@id":"https:\/\/we-bc.ca\/?page_id=93966&lang=fr#breadcrumb"},"inLanguage":"fr-FR","potentialAction":[{"@type":"ReadAction","target":["https:\/\/we-bc.ca\/?page_id=93966&lang=fr"]}]},{"@type":"BreadcrumbList","@id":"https:\/\/we-bc.ca\/?page_id=93966&lang=fr#breadcrumb","itemListElement":[{"@type":"ListItem","position":1,"name":"Home","item":"https:\/\/we-bc.ca\/"},{"@type":"ListItem","position":2,"name":"\u00c0 propos de nous &#8211; Nouveau","item":"https:\/\/we-bc.ca\/?page_id=93950&lang=fr"},{"@type":"ListItem","position":3,"name":"\u00c9cosyst\u00e8me"}]},{"@type":"WebSite","@id":"https:\/\/we-bc.ca\/#website","url":"https:\/\/we-bc.ca\/","name":"WeBC","description":"Supporting Women Entrepreneurs in BC","potentialAction":[{"@type":"SearchAction","target":{"@type":"EntryPoint","urlTemplate":"https:\/\/we-bc.ca\/?s={search_term_string}"},"query-input":{"@type":"PropertyValueSpecification","valueRequired":true,"valueName":"search_term_string"}}],"inLanguage":"fr-FR"}]}},"_links":{"self":[{"href":"https:\/\/resources.we-bc.ca\/fr\/wp-json\/wp\/v2\/pages\/93966","targetHints":{"allow":["GET"]}}],"collection":[{"href":"https:\/\/resources.we-bc.ca\/fr\/wp-json\/wp\/v2\/pages"}],"about":[{"href":"https:\/\/resources.we-bc.ca\/fr\/wp-json\/wp\/v2\/types\/page"}],"author":[{"embeddable":true,"href":"https:\/\/resources.we-bc.ca\/fr\/wp-json\/wp\/v2\/users\/1"}],"replies":[{"embeddable":true,"href":"https:\/\/resources.we-bc.ca\/fr\/wp-json\/wp\/v2\/comments?post=93966"}],"version-history":[{"count":0,"href":"https:\/\/resources.we-bc.ca\/fr\/wp-json\/wp\/v2\/pages\/93966\/revisions"}],"up":[{"embeddable":true,"href":"https:\/\/resources.we-bc.ca\/fr\/wp-json\/wp\/v2\/pages\/93950"}],"wp:attachment":[{"href":"https:\/\/resources.we-bc.ca\/fr\/wp-json\/wp\/v2\/media?parent=93966"}],"curies":[{"name":"wp","href":"https:\/\/api.w.org\/{rel}","templated":true}]}}

Écosystème

<!-- This site is optimized with the Yoast SEO plugin v27.4 - https://yoast.com/product/yoast-seo-wordpress/ -->
<title>L&#039;écosystème des femmes entrepreneurs - WeBC</title>
<meta name="description" content="L&#039;entrepreneuriat féminin s&#039;inscrit dans le cadre d&#039;un débat plus large sur l&#039;égalité des sexes et la diversité, qui offre des possibilités de collaboration sans précédent." />
<meta name="robots" content="index, follow, max-snippet:-1, max-image-preview:large, max-video-preview:-1" />
<link rel="canonical" href="https://we-bc.ca/?page_id=93966&lang=fr" />
<meta property="og:locale" content="fr_FR" />
<meta property="og:type" content="article" />
<meta property="og:title" content="L&#039;écosystème des femmes entrepreneurs - WeBC" />
<meta property="og:description" content="L&#039;entrepreneuriat féminin s&#039;inscrit dans le cadre d&#039;un débat plus large sur l&#039;égalité des sexes et la diversité, qui offre des possibilités de collaboration sans précédent." />
<meta property="og:url" content="https://we-bc.ca/?page_id=93966&amp;lang=fr" />
<meta property="og:site_name" content="WeBC" />
<meta property="article:modified_time" content="2026-03-23T05:08:13+00:00" />
<meta name="twitter:card" content="summary_large_image" />
<script type="application/ld+json" class="yoast-schema-graph">{"@context":"https:\/\/schema.org","@graph":[{"@type":"WebPage","@id":"https:\/\/we-bc.ca\/?page_id=93966&lang=fr","url":"https:\/\/we-bc.ca\/?page_id=93966&lang=fr","name":"L'écosystème des femmes entrepreneurs - WeBC","isPartOf":{"@id":"https:\/\/we-bc.ca\/#website"},"datePublished":"2021-09-22T16:40:57+00:00","dateModified":"2026-03-23T05:08:13+00:00","description":"L'entrepreneuriat féminin s'inscrit dans le cadre d'un débat plus large sur l'égalité des sexes et la diversité, qui offre des possibilités de collaboration sans précédent.","breadcrumb":{"@id":"https:\/\/we-bc.ca\/?page_id=93966&lang=fr#breadcrumb"},"inLanguage":"fr-FR","potentialAction":[{"@type":"ReadAction","target":["https:\/\/we-bc.ca\/?page_id=93966&lang=fr"]}]},{"@type":"BreadcrumbList","@id":"https:\/\/we-bc.ca\/?page_id=93966&lang=fr#breadcrumb","itemListElement":[{"@type":"ListItem","position":1,"name":"Home","item":"https:\/\/we-bc.ca\/"},{"@type":"ListItem","position":2,"name":"À propos de nous &#8211; Nouveau","item":"https:\/\/we-bc.ca\/?page_id=93950&lang=fr"},{"@type":"ListItem","position":3,"name":"Écosystème"}]},{"@type":"WebSite","@id":"https:\/\/we-bc.ca\/#website","url":"https:\/\/we-bc.ca\/","name":"WeBC","description":"Supporting Women Entrepreneurs in BC","potentialAction":[{"@type":"SearchAction","target":{"@type":"EntryPoint","urlTemplate":"https:\/\/we-bc.ca\/?s={search_term_string}"},"query-input":{"@type":"PropertyValueSpecification","valueRequired":true,"valueName":"search_term_string"}}],"inLanguage":"fr-FR"}]}</script>
<!-- / Yoast SEO plugin. -->

L'écosystème des femmes entrepreneurs - WeBC

L'entrepreneuriat féminin s'inscrit dans le cadre d'un débat plus large sur l'égalité des sexes et la diversité, qui offre des possibilités de collaboration sans précédent.

À propos de nous &#8211; Nouveau
